{"id":67,"date":"2023-05-24T15:51:47","date_gmt":"2023-05-24T20:51:47","guid":{"rendered":"https:\/\/ddo.usac.edu.gt\/\/?page_id=67"},"modified":"2025-11-27T15:51:31","modified_gmt":"2025-11-27T20:51:31","slug":"valores-usac","status":"publish","type":"page","link":"https:\/\/ddo.usac.edu.gt\/index.php\/valores-usac\/","title":{"rendered":"VALORES"},"content":{"rendered":"\n<h2 class=\"wp-block-heading has-white-color has-text-color has-background has-link-color wp-elements-5298d8a9764cfb6b1fec54ecdfbb870a\" style=\"background-color:#002944\">ESTUDIO DE IDENTIFICACI\u00d3N Y JERARQUIZACI\u00d3N DE VALORES COMPARTIDOS EN LA USAC<\/h2>\n\n\n\n<hr class=\"wp-block-separator has-alpha-channel-opacity\"\/>\n\n\n\n<div class=\"wp-block-columns has-white-color has-text-color has-background has-link-color wp-elements-cdcf0b2e69418f44da2ca01fe47e1b8d is-layout-flex wp-container-core-columns-is-layout-9d6595d7 wp-block-columns-is-layout-flex\" style=\"background-color:#00447c\">\n<div class=\"wp-block-column is-vertically-aligned-center is-layout-flow wp-block-column-is-layout-flow\">\n<h1 class=\"wp-block-heading alignwide has-white-color has-text-color has-link-color has-large-font-size wp-elements-82f531cdb9a75670ad047df72505798c\">IDENTIFICACI\u00d3N Y JERARQUIZACI\u00d3N DE VALORES<\/h1>\n<\/div>\n\n\n\n<div class=\"wp-block-column is-vertically-aligned-bottom is-layout-flow wp-block-column-is-layout-flow\">\n<div class=\"wp-block-buttons alignwide is-vertical is-content-justification-right is-layout-flex wp-container-core-buttons-is-layout-17ed0cd2 wp-block-buttons-is-layout-flex\">\n<div class=\"wp-block-button is-style-fill\"><a class=\"wp-block-button__link has-black-color has-white-background-color has-text-color has-background has-link-color wp-element-button\" href=\"https:\/\/ddo.usac.edu.gt\/wp-content\/uploads\/2025\/11\/Identificacion-y-Jerarquizacion-de-Valores-Compartidos-USAC.pdf\" style=\"border-radius:10px\" target=\"_blank\" rel=\"noreferrer noopener\"><strong>Descargar Documento PDF<\/strong><\/a><\/div>\n<\/div>\n<\/div>\n<\/div>\n\n\n\n<h2 class=\"wp-block-heading has-white-color has-text-color has-background has-link-color wp-elements-2a22d85545f59f47b57e5a4d718b283b\" style=\"background-color:#002944\">VALORES COMPARTIDOS USAC<\/h2>\n\n\n\n<div class=\"wp-block-group\"><div class=\"wp-block-group__inner-container is-layout-constrained wp-block-group-is-layout-constrained\">\n<div class=\"wp-block-columns is-layout-flex wp-container-core-columns-is-layout-9d6595d7 wp-block-columns-is-layout-flex\">\n<div class=\"wp-block-column is-vertically-aligned-center is-layout-flow wp-block-column-is-layout-flow\" style=\"flex-basis:300px\"><div class=\"wp-block-image\">\n<figure class=\"aligncenter size-full is-resized\"><img loading=\"lazy\" decoding=\"async\" width=\"528\" height=\"815\" src=\"https:\/\/ddo.usac.edu.gt\/wp-content\/uploads\/2023\/05\/Afiche-Valores-USAC-2014.png\" alt=\"\" class=\"wp-image-69\" style=\"width:315px;height:auto\" srcset=\"https:\/\/ddo.usac.edu.gt\/wp-content\/uploads\/2023\/05\/Afiche-Valores-USAC-2014.png 528w, https:\/\/ddo.usac.edu.gt\/wp-content\/uploads\/2023\/05\/Afiche-Valores-USAC-2014-194x300.png 194w\" sizes=\"auto, (max-width: 528px) 100vw, 528px\" \/><\/figure>\n<\/div><\/div>\n\n\n\n<div class=\"wp-block-column is-vertically-aligned-center is-layout-flow wp-block-column-is-layout-flow\">\n<p class=\"has-medium-font-size\">Es el conjunto de principios y creencias que act\u00faan como fuerza \u00fanica e integradora entre los miembros de la comunidad universitaria y la Instituci\u00f3n, que indican el camino a seguir para alcanzar la misi\u00f3n y fines de la Universidad de San Carlos de Guatemala.<\/p>\n\n\n\n<p>(Aprobados por <a href=\"https:\/\/ddo.usac.edu.gt\/wp-content\/uploads\/2025\/11\/269-Aprobar-los-valores-compartidos-USAC.pdf\">Acuerdo de Rector\u00eda No. 0748-2015<\/a>)<\/p>\n<\/div>\n<\/div>\n\n\n\n<hr class=\"wp-block-separator has-alpha-channel-opacity\"\/>\n<\/div><\/div>\n\n\n\n<h2 class=\"wp-block-heading has-white-color has-text-color has-background has-link-color wp-elements-9d2e2818408c081c9730a1535b54998f\" style=\"background-color:#002944\">LOGO Y SU SIGNIFICADO<\/h2>\n\n\n<div class=\"wp-block-image\">\n<figure class=\"aligncenter size-full\"><img loading=\"lazy\" decoding=\"async\" width=\"1600\" height=\"900\" src=\"https:\/\/ddo.usac.edu.gt\/wp-content\/uploads\/2024\/11\/WhatsApp-Image-2024-11-22-at-11.43.46-AM.jpeg\" alt=\"\" class=\"wp-image-2312\" srcset=\"https:\/\/ddo.usac.edu.gt\/wp-content\/uploads\/2024\/11\/WhatsApp-Image-2024-11-22-at-11.43.46-AM.jpeg 1600w, https:\/\/ddo.usac.edu.gt\/wp-content\/uploads\/2024\/11\/WhatsApp-Image-2024-11-22-at-11.43.46-AM-300x169.jpeg 300w, https:\/\/ddo.usac.edu.gt\/wp-content\/uploads\/2024\/11\/WhatsApp-Image-2024-11-22-at-11.43.46-AM-1024x576.jpeg 1024w, https:\/\/ddo.usac.edu.gt\/wp-content\/uploads\/2024\/11\/WhatsApp-Image-2024-11-22-at-11.43.46-AM-768x432.jpeg 768w, https:\/\/ddo.usac.edu.gt\/wp-content\/uploads\/2024\/11\/WhatsApp-Image-2024-11-22-at-11.43.46-AM-1536x864.jpeg 1536w, https:\/\/ddo.usac.edu.gt\/wp-content\/uploads\/2024\/11\/WhatsApp-Image-2024-11-22-at-11.43.46-AM-1110x624.jpeg 1110w, https:\/\/ddo.usac.edu.gt\/wp-content\/uploads\/2024\/11\/WhatsApp-Image-2024-11-22-at-11.43.46-AM-528x297.jpeg 528w\" sizes=\"auto, (max-width: 1600px) 100vw, 1600px\" \/><\/figure>\n<\/div>\n\n\n<p><\/p>\n","protected":false},"excerpt":{"rendered":"<p>ESTUDIO DE IDENTIFICACI\u00d3N Y JERARQUIZACI\u00d3N DE VALORES COMPARTIDOS EN LA USAC IDENTIFICACI\u00d3N Y JERARQUIZACI\u00d3N DE VALORES VALORES COMPARTIDOS USAC Es el conjunto de principios y creencias que act\u00faan como fuerza \u00fanica e integradora entre los miembros de la comunidad universitaria y la Instituci\u00f3n, que indican el camino a seguir para alcanzar la misi\u00f3n y fines [&hellip;]<\/p>\n","protected":false},"author":1,"featured_media":0,"parent":0,"menu_order":0,"comment_status":"closed","ping_status":"closed","template":"","meta":{"iawp_total_views":298,"footnotes":""},"class_list":["post-67","page","type-page","status-publish","czr-hentry"],"_links":{"self":[{"href":"https:\/\/ddo.usac.edu.gt\/index.php\/wp-json\/wp\/v2\/pages\/67","targetHints":{"allow":["GET"]}}],"collection":[{"href":"https:\/\/ddo.usac.edu.gt\/index.php\/wp-json\/wp\/v2\/pages"}],"about":[{"href":"https:\/\/ddo.usac.edu.gt\/index.php\/wp-json\/wp\/v2\/types\/page"}],"author":[{"embeddable":true,"href":"https:\/\/ddo.usac.edu.gt\/index.php\/wp-json\/wp\/v2\/users\/1"}],"replies":[{"embeddable":true,"href":"https:\/\/ddo.usac.edu.gt\/index.php\/wp-json\/wp\/v2\/comments?post=67"}],"version-history":[{"count":17,"href":"https:\/\/ddo.usac.edu.gt\/index.php\/wp-json\/wp\/v2\/pages\/67\/revisions"}],"predecessor-version":[{"id":2472,"href":"https:\/\/ddo.usac.edu.gt\/index.php\/wp-json\/wp\/v2\/pages\/67\/revisions\/2472"}],"wp:attachment":[{"href":"https:\/\/ddo.usac.edu.gt\/index.php\/wp-json\/wp\/v2\/media?parent=67"}],"curies":[{"name":"wp","href":"https:\/\/api.w.org\/{rel}","templated":true}]}}